0 = 5*m - 2*j - 1445. List the prime factors of m.
3, 97
Suppose -15*x = -4*z - 17*x + 4782, 5979 = 5*z + 4*x. List the prime factors of z.
5, 239
Suppose 5*t + 5*d - 145 = 0, -t + 2*d + 6 + 8 = 0. Suppose o + 5*r = t, 4*r - 15 = -0*o - 5*o. List the prime factors of (204/(-48))/(o/4).
17
Let x(q) = 5*q - 17. Let v be x(12). Let a = v + -25. Suppose a = z + 2*f - f, -z - 3*f + 24 = 0. List the prime factors of z.
3, 5
Suppose 0 = -3*v - 1 + 16. Suppose 1 - 6 = -v*x, -5*l = 2*x - 162. List the prime factors of l.
2
List the prime factors of 7 - -947 - (-5 + 1).
2, 479
List the prime factors of -1 + -4 + -1 - -6 - -1578.
2, 3, 263
Let h(r) = 2*r**2 - 8*r + 8. What are the prime factors of h(3)?
2
Let x be (2 + 0 + 0)*2. Suppose x*u = -v + 21, -2*u = -u - 1. List the prime factors of v.
17
Suppose -7*d = 4649 - 13665. Suppose 5*f = -4*a + d, 2*a - 16*f + 11*f - 614 = 0. What are the prime factors of a?
317
Let l(z) = z**2 + 2*z - 1. Let w be l(-5). Let j = w - 12. What are the prime factors of 17/j + (-4)/(-8)?
3
Let a = -3 + 11. Let w be 5*a*(-2)/(-10). Let y(c) = 4*c - 6. List the prime factors of y(w).
2, 13
List the prime factors of (-44)/(-8) + -3 - (-4926)/4.
2, 617
Suppose -3*n + 4*o + 19 = -0*n, 0 = 4*n + 3*o - 17. Let a(j) = 6*j**3 - j**2 + n*j**3 - 1 + j**3 + 2*j**2. What are the prime factors of a(1)?
2, 3
Let t(g) = -2*g + 3 + 0 + 36. What are the prime factors of t(-9)?
3, 19
Let f(u) = 5*u**3 + 4*u**2 + 6*u + 6. What are the prime factors of f(4)?
2, 3, 23
Suppose 2*d = -i + 453 + 528, 2*i - d = 1962. What are the prime factors of i?
3, 109
Suppose -2*d + 13 = -15. Let u = 228 + -212. Suppose 76 = -d*c + u*c. List the prime factors of c.
2, 19
Suppose -2*k = -3*i - 7*k + 16, 5*i + 30 = 3*k. Suppose 7*g + 16 = -9*g. List the prime factors of (28/4)/g*i.
3, 7
Let o = -98 + 105. What are the prime factors of o?
7
Suppose 0 = 5*m - 10, 0 = 2*d + 6*m - 3*m - 12. Suppose -d = -3*f + 9. Suppose -2*p + 3*q + 27 = 0, -f*q + 24 = -3*p + 7*p. What are the prime factors of p?
3
Let q(z) be the third derivative of -7*z**4/24 + z**3/6 + 2*z**2. Suppose 4*a = h - 14, a - 3*h = -2*a - 6. What are the prime factors of q(a)?
29
Let a(u) = -u. Let p(g) = -2*g + 5. Let l(o) = -3*a(o) + p(o). Let n be l(-3). List the prime factors of (-89)/(-2) - (-3)/n.
2, 23
Let j(z) = -z - 4 - 2*z - 2 + 4 - 6*z**2. Let r be j(-1). List the prime factors of r/((-4)/120*3).
2, 5
Suppose 6*u = -s + u + 41, 3*s - 175 = -2*u. What are the prime factors of s?
61
Let n be ((-39)/26)/(3/(-2)). Let h be (n/1)/((-2)/6). What are the prime factors of (0 - h) + -3 + 7?
7
Let z(o) = o**2 + 8*o + 3. Let n = 0 - 8. Let s be z(n). Suppose 5*j = r + 37 + 94, 0 = 3*j - s*r - 69. What are the prime factors of j?
3
Let y = -14 + 16. Suppose y*q - 7 = -f, 4*f + 2*q - q - 14 = 0. List the prime factors of -12*f*2/(-4).
2, 3
Let s = -31 - -53. What are the prime factors of (-532)/(-22) - 4/s?
2, 3
Suppose 0 = -5*z - 0 + 235. Suppose -l + z = -0*l. List the prime factors of l.
47
Let n be 10/4*(-8)/(-10). Let x be (-6)/6*(-8)/n. Suppose x*j - 206 = -58. What are the prime factors of j?
37
What are the prime factors of (2403/(-12) + 0)*(-80)/30?
2, 3, 89
Let l = -1694 + 3227. What are the prime factors of l?
3, 7, 73
Suppose 9 = -3*s, -21 = d + 2*s - 1171. List the prime factors of d.
2, 17
Let p = -635 - -4210. List the prime factors of p.
5, 11, 13
Suppose -7*c = -c - 1386. Suppose -837 + c = -2*n. What are the prime factors of n?
3, 101
Suppose 12 = 4*d - 8. Let b = -3 - -3. List the prime factors of (-5 - b)*(-20)/d.
2, 5
Suppose 4*z + z - 4*d = -275, 2*z + 2*d + 110 = 0. Let h = z + 115. What are the prime factors of h?
2, 3, 5
Suppose 12*i - 19467 = -9*i. List the prime factors of i.
3, 103
Suppose 4*y - 8 = -2*a, -2*y - 2 = -a + 2. Suppose 0 = 5*u + 2*r - 392 - 196, y = 3*u - 2*r - 356. What are the prime factors of u?
2, 59
Suppose 38374 = 38*s - 918. What are the prime factors of s?
2, 11, 47
Suppose 199 = 4*b - 5*l, l - 117 = -5*b + 3*b. Suppose -2*o + 6*o = b. Suppose u + 8 = o. What are the prime factors of u?
2, 3
Let r(v) = -4*v - 4. Let l be r(-4). Suppose -5*c + l + 29 = a, 2*a - 4*c - 96 = 0. Let y = -29 + a. List the prime factors of y.
17
Suppose 4*o + 94 + 154 = 0. Let u(h) = -h - 19. Let v be u(4). Let k = v - o. What are the prime factors of k?
3, 13
Let x = 852 + -508. Suppose -2*v + 2*y + x = 7*y, 3*v - 529 = -y. List the prime factors of v.
3, 59
List the prime factors of (-5910)/(-5) + 7*2/14.
7, 13
Suppose 0 = -g + 5*s + 451, -2*g + 902 = -0*g + 5*s. List the prime factors of g.
11, 41
Let r = 3 - -5. Suppose -r*s - 188 = -4*s. List the prime factors of s/(-2)*(-6)/(-3).
47
Let v be (4 - -1)*1242/45. Let w(f) = f**3 - 3*f**2 - 3*f. Let h be w(4). Suppose -h*a + a = -v. What are the prime factors of a?
2, 23
Suppose 40 = -8*p + 13*p. Suppose 0 = p*k - 3*k - 120. List the prime factors of k.
2, 3
Let x(p) = 11*p - 7. Let i be x(7). Suppose -2*o + 50 = -i. Suppose -8*k + o = -4*k. What are the prime factors of k?
3, 5
Let n = 88 - 83. Let t(l) = 21*l + 18. List the prime factors of t(n).
3, 41
Suppose 61098 = 49*b + 6120. What are the prime factors of b?
2, 3, 11, 17
Let q(p) be the second derivative of -p**3/3 - 13*p**2/2 - 9*p. Let z be q(-6). What are the prime factors of (z + (-4)/(-8))*-90?
3, 5
Suppose -4*r + 20 = 3*d, -4*r - 6*d + d = -28. Suppose r*b + 29 - 138 = -3*a, -5*a + 161 = 3*b. List the prime factors of b.
2, 31
What are the prime factors of (-6206)/(-8) + (-2)/(-40)*5?
2, 97
Let b = 15 - 14. List the prime factors of ((-332)/(-6))/(b + (-1)/3).
83
Let f = -9 + 36. Let m = 7 + f. Suppose -x + 4*r = -7, 2*x - 6 = -5*r + m. What are the prime factors of x?
3, 5
Suppose 2*w = -3*w. Let p(v) = 2*v + 4. Let k be p(w). Suppose -k*h - 15 = -83. List the prime factors of h.
17
Let w(i) = -75*i + 60. What are the prime factors of w(-5)?
3, 5, 29
Suppose 0 = 4*f + 12 - 108. Let j be (-50)/15*f/(-20). Suppose -3*s - a = -95, 0 = -5*s - j*a + 32 + 117. List the prime factors of s.
3, 11
Suppose 2*j - 8*j = 0. Suppose j = -3*h - h + 360. List the prime factors of h.
2, 3, 5
Let b be 1*(-75)/3 + 2. Suppose -4*v = 4*f + 168, 4*v + 5*f = 3*f - 172. Let o = b - v. List the prime factors of o.
3, 7
Let z(h) be the third derivative of h**5/60 - h**4/24 + 2*h**3 - h**2. Let p be 1/((-9)/(-180)*4). List the prime factors of z(p).
2
Let y(t) = 19*t - 38. Let m = -55 - -63. What are the prime factors of y(m)?
2, 3, 19
Let i = -83 - -50. What are the prime factors of (6/2)/(i/(-385))?
5, 7
Let n(d) = 3*d**2 - 3*d - 3*d**2 + 3*d**2 - 1 - 2. Let q be n(4). Let l = -14 + q. List the prime factors of l.
19
Let m(z) = 5*z**2 + 23*z - 9. List the prime factors of m(8).
3, 5, 11
Suppose -5*k + 7*v + 1917 = 6*v, -2*k = -2*v - 770. List the prime factors of k.
383
Let v(c) = 62*c**2 - 2*c + 1. Let b be v(2). Suppose 9*j - 14*j = -b. What are the prime factors of j?
7
Let x be -50 + (3 - (9 - 2)). Let u = x - -93. List the prime factors of u.
3, 13
Suppose 2*s + 5 = -3. Let q = s - -1. List the prime factors of (-6)/3 + 32 + q.
3
Let i(o) = o + 52. Let t be i(12). Suppose -h - t = -168. List the prime factors of h.
2, 13
Suppose -21*k = -25*k + 20. Suppose -3*z = 2*f - 263, 3*f - 2*z + k*z = 387. What are the prime factors of f?
2, 31
Let z = -75 + 54. List the prime factors of (612/119)/((-2)/z).
2, 3
Let q be 3*1*(-6)/18*0. Suppose 4*v - 2*c = -q*c + 272, 4*c = -16. List the prime factors of v.
2, 3, 11
Suppose 3*a = 4*p + 1660, 3*p + 1095 = 4*a - 1130. List the prime factors of a.
2, 5, 7
Suppose -3*o + 2*q + 2*q = -7, 70 = 5*o + 5*q. Let f = o + -7. Suppose f*u - 13 = 5. List the prime factors of u.
3
Let t = 607 + 694. List the prime factors of t.
1301
Let l = 43 - -994. List the prime factors of l.
17, 61
Let a = 13 + 2. Suppose 5 = 5*m - a. Suppose -m*o - 5 = -65. List the prime factors of o.
3, 5
Let a = -9 - -109. List the prime factors of a.
2, 5
Let x = 0 - 1. Let o(g) = -149*g + 1. What are the prime factors of o(x)?
2, 3, 5
Let i(g) = -g**3 - 11*g**2 + 14*g + 28. Let a be i(-12). Suppose -o + 5*b = a*o - 70, -2*b - 2 = 0. Suppose 340 = o*c - 8*c. What are the prime factors of c?
2, 17
Let w be 2/(14*-1) + 468/91. Suppose -2*r = 3*r - 20, w*r + 875 = 5*d. List the pri